en thousands digit of 80061?
8
What is the thousands digit of 13450395?
0
What is the thousands digit of 2303436?
3
What is the thousands digit of 80025?
0
What is the millions digit of 1361569?
1
What is the millions digit of 3566339?
3
What is the ten thousands digit of 235594?
3
What is the units digit of 776410?
0
What is the hundreds digit of 627884?
8
What is the tens digit of 332084?
8
What is the hundred thousands digit of 1752619?
7
What is the tens digit of 18025961?
6
What is the thousands digit of 188184?
8
What is the tens digit of 100265?
6
What is the units digit of 5372442?
2
What is the ten thousands digit of 72765?
7
What is the hundreds digit of 2236831?
8
What is the millions digit of 2359235?
2
What is the hundred thousands digit of 3654057?
6
What is the thousands digit of 1707088?
7
What is the tens digit of 2610511?
1
What is the thousands digit of 271146?
1
What is the thousands digit of 4941806?
1
What is the ten thousands digit of 2050560?
5
What is the ten thousands digit of 2749158?
4
What is the hundreds digit of 142970?
9
What is the thousands digit of 360671?
0
What is the hundreds digit of 324785?
7
What is the thousands digit of 6647537?
7
What is the tens digit of 1503805?
0
What is the units digit of 1932523?
3
What is the tens digit of 360389?
8
What is the hundreds digit of 1712487?
4
What is the hundreds digit of 1199916?
9
What is the millions digit of 12361246?
2
What is the ten thousands digit of 5963200?
6
What is the tens digit of 10842280?
8
What is the ten thousands digit of 2826760?
2
What is the tens digit of 4653764?
6
What is the millions digit of 1381138?
1
What is the tens digit of 704198?
9
What is the thousands digit of 2671676?
1
What is the thousands digit of 14975981?
5
What is the hundred thousands digit of 523732?
5
What is the hundred thousands digit of 17928549?
9
What is the units digit of 6300626?
6
What is the tens digit of 9640800?
0
What is the thousands digit of 56581?
6
What is the thousands digit of 885154?
5
What is the hundreds digit of 1242111?
1
What is the tens digit of 1788255?
5
What is the thousands digit of 3629539?
9
What is the millions digit of 10359225?
0
What is the thousands digit of 841114?
1
What is the hundred thousands digit of 113767?
1
What is the ten thousands digit of 30766?
3
What is the thousands digit of 514727?
4
What is the tens digit of 479415?
1
What is the units digit of 805987?
7
What is the tens digit of 616911?
1
What is the tens digit of 24036124?
2
What is the thousands digit of 288245?
8
What is the hundreds digit of 25269918?
9
What is the hundred thousands digit of 520156?
5
What is the hundreds digit of 7755809?
8
What is the millions digit of 25514938?
5
What is the ten thousands digit of 1505666?
0
What is the ten thousands digit of 657197?
5
What is the hundred thousands digit of 381836?
3
What is the ten thousands digit of 278406?
7
What is the tens digit of 55889?
8
What is the thousands digit of 218324?
8
What is the hundreds digit of 3907851?
8
What is the units digit of 27371855?
5
What is the ten thousands digit of 300841?
0
What is the thousands digit of 413761?
3
What is the tens digit of 121043?
4
What is the tens digit of 303759?
5
What is the ten thousands digit of 20589039?
8
What is the units digit of 1224189?
9
What is the ten thousands digit of 2448188?
4
What is the ten thousands digit of 9243684?
4
What is the units digit of 594054?
4
What is the hundred thousands digit of 1175430?
1
What is the ten thousands digit of 12332582?
3
What is the ten thousands digit of 199385?
9
What is the hundreds digit of 2043815?
8
What is the hundred thousands digit of 7989997?
9
What is the hundreds digit of 192462?
4
What is the tens digit of 228579?
7
What is the ten thousands digit of 341131?
4
What is the hundred thousands digit of 17954522?
9
What is the tens digit of 1570757?
5
What is the hundreds digit of 31912?
9
What is the hundreds digit of 21232832?
8
What is the hundreds digit of 1571243?
2
What is the hundreds digit of 2207645?
6
What is the tens digit of 413569?
6
What is the ten thousands digit of 5041805?
4
What is the hundreds digit of 113942?
9
What is the millions digit of 14678855?
4
What is the millions digit of 7130036?
7
What is the ten thousands digit of 11676543?
7
What is the millions digit of 5793131?
5
What is the ten thousands digit of 436052?
3
What is the thousands digit of 38675?
8
What is the hundreds digit of 831686?
6
What is the tens digit of 95443?
4
What is the units digit of 3525665?
5
What is the units digit of 1119798?
8
What is the hundred thousands digit of 823298?
8
What is the ten thousands digit of 5637365?
3
What is the units digit of 8802311?
1
What is the hundred thousands digit of 314818?
3
What is the units digit of 260178?
8
What is the ten thousands digit of 3392266?
9
What is the hundred thousands digit of 1958296?
9
What is the millions digit of 1500999?
1
What is the tens digit of 168499?
9
What is the ten millions digit of 19243990?
1
What is the tens digit of 77439?
3
What is the hundreds digit of 668925?
9
What is the hundreds digit of 1433566?
5
What is the thousands digit of 8508251?
8
What is the hundred thousands digit of 2081647?
0
What is the ten thousands digit of 927039?
2
What is the units digit of 3472788?
8
What is the units digit of 9725302?
2
What is the hundred thousands digit of 5420131?
4
What is the thousands digit of 299517?
9
What is the tens digit of 3710517?
1
What is the hundreds digit of 1670065?
0
What is the tens digit of 106350?
5
What is the ten thousands digit of 1067021?
6
What is the hundreds digit of 926904?
9
What is the ten millions digit of 29253905?
2
What is the hundred thousands digit of 2460433?
4
What is the thousands digit of 5661441?
1
What is the units digit of 25623?
3
What is the ten millions digit of 19762291?
1
What is the thousands digit of 825662?
5
What is the tens digit of 453071?
7
What is the units digit of 9379201?
1
What is the millions digit of 1858001?
1
What is the thousands digit of 9216?
9
What is the tens digit of 8049414?
1
What is the units digit of 114696?
6
What is the thousands digit of 1872079?
2
What is the hundreds digit of 81428?
4
What is the thousands digit of 138251?
8
What is the tens digit of 184618?
1
What is the units digit of 2313779?
9
What is the tens digit of 1671963?
6
What is the hundred thousands digit of 212896?
2
What is the units digit of 795503?
3
What is the thousands digit of 1309989?
9
What is the ten thousands digit of 13332599?
3
What is the hundreds digit of 767638?
6
What is the tens digit of 8520424?
2
What is the hundreds digit of 2449494?
4
What is the hundred thousands digit of 646337?
6
What is the tens digit of 434583?
8
What is the millions digit of 2296843?
2
What is the ten millions digit of 20888986?
2
What is the hundreds digit of 375160?
1
What is the ten thousands digit of 19635150?
3
What is the ten thousands digit of 10836979?
3
What is the thousands digit of 742441?
2
What is the hundreds digit of 9577359?
3
What is the thousands digit of 432969?
2
What is the hundreds digit of 1922205?
2
What is the thousands digit of 11919782?
9
What is the ten thousands digit of 1416634?
1
What is the thousands digit of 542204?
2
What is the tens digit of 177875?
7
What is the units digit of 4148424?
4
What is the thousands digit of 16922129?
2
What is the thousands digit of 26193827?
3
What is the units digit of 574188?
8
What is the hundreds digit of 5438360?
3
What is the ten thousands digit of 319829?
1
What is the thousands digit of 1147131?
7
What is the hundred thousands digit of 5575060?
5
What is the hundred thousands digit of 157065?
1
What is the units digit of 669995?
5
What is the ten thousands digit of 315239?
1
What is the tens digit of 1986210?
1
What is the thousands digit of 1602185?
2
What is the units digit of 204699?
9
What is the thousands digit of 15706802?
6
What is the hundred thousands digit of 4768201?
7
What is the hundreds digit of 1338?
3
What is the ten thousands digit of 387984?
8
What is the thousands digit of 213341?
3
What is the units digit of 49549?
9
What is the millions digit of 1188446?
1
What is the hundred thousands digit of 23063006